sor of x and 22?
11
Suppose 2*g - 4*h - 16 = 0, 1 = 2*g - 2*h - 9. Calculate the greatest common factor of 5 and g.
1
Let s = -1 - -17. Calculate the greatest common divisor of 16 and s.
16
Let z be (-3)/((-6)/56) - 2. Let j be z/(-91) + 424/14. What is the greatest common factor of 75 and j?
15
Suppose 4*s + 11 = -i - 0*s, -2*s = -3*i + 23. Let u be 45/i*28/6. Let b be (-12)/(-10)*(u + 3). What is the greatest common factor of b and 36?
18
Suppose 3*s - 3 - 3 = 0, 4*s - 338 = -5*x. What is the highest common divisor of x and 44?
22
Let o = 5 + -2. Suppose 0 = o*v - v. Suppose v = -3*l + 8*l - 385. Calculate the highest common factor of 7 and l.
7
Let g be 79 + (9/(-3))/3. Suppose 4*d - d - g = 0. Calculate the highest common divisor of d and 65.
13
Let f = 447 + -235. What is the highest common divisor of f and 53?
53
Let y be ((-24)/16 - -2)/(1/22). Let l(x) = -x**2 + x + 11. Let f be l(0). What is the highest common divisor of y and f?
11
Let l = -179 + 224. What is the greatest common factor of 60 and l?
15
Let i(g) = 3*g**3 + g**2 - g - 3. Let f be i(-3). Let r be (5/(-2))/(12/f). What is the greatest common factor of r and 30?
15
Let d = -10 + 8. Let g = d - -6. Suppose -5*a = 4*y - 36, -3*y - 2*y = -a - 16. What is the highest common divisor of a and g?
4
Let p(n) be the third derivative of 5*n**4/12 + 2*n**3/3 + 2*n**2. Let m be p(3). Let t be (2/(-4) - -1)*m. Calculate the greatest common divisor of t and 34.
17
Let i(d) = -7*d - 28. Let a be i(-10). Calculate the highest common divisor of 14 and a.
14
Suppose 4*w = 5 + 7. Suppose d + 1 = w. Let g = d + 23. Calculate the greatest common divisor of g and 5.
5
Suppose d + 2*d = -18. Let r(a) = a**2 + 5*a + 3. Let j be r(d). Let m = 2 + j. Calculate the greatest common factor of m and 11.
11
Let p(u) = u + 9. Let x be p(-9). Let n be (x + 2)*(-612)/(-8). What is the highest common divisor of 17 and n?
17
Let q(r) = 3*r**2 - 8*r + 10. Let u be q(6). What is the highest common divisor of u and 14?
14
Suppose 4*h + 7*o - 3*o - 176 = 0, -5*o - 60 = -2*h. Let c be (-7)/(-21) - (-59)/3. What is the highest common factor of h and c?
20
Suppose 3*d - 3*g = -5*g - 38, 0 = -5*g - 20. Let q = -6 - d. Suppose q*k - 528 = -0*k. What is the greatest common divisor of 12 and k?
12
Let r(k) = k**2 - 3*k - 1. Let s be r(4). Let y = 8 + s. What is the greatest common factor of y and 99?
11
Let d(m) = -m - 2. Let a be d(-5). Suppose r = -2*r - 4*k + 66, 0 = a*r - k - 66. Calculate the greatest common divisor of 2 and r.
2
Let b = -9 + 23. Suppose l + b = 2*l. Calculate the greatest common factor of l and 2.
2
Let l = -17 - -21. Suppose l*i - 50 = 3*i. Calculate the greatest common factor of i and 20.
10
Let q = -53 - -86. What is the greatest common divisor of q and 297?
33
Let q = 1 + 1. Let i be q/4 + (-156)/(-8). Calculate the highest common factor of 2 and i.
2
Let x = 3 - -7. Let z(m) = 14*m - 3. Let g be z(2). Calculate the highest common divisor of x and g.
5
Let b(d) = -2*d - 6. Let x be b(-8). Suppose 4*w = -c + 54, -6*w + w + 255 = 5*c. Calculate the highest common divisor of x and c.
10
Suppose 5*d - 3 = 2*s - 9, 12 = 4*s - d. Suppose 0 = -4*y - y + 225. Suppose 5*p + y = b, -4*b = s*p - 21 - 44. What is the highest common factor of b and 10?
10
Let u(v) = 3*v - 11. Let o be u(5). What is the highest common divisor of o and 8?
4
Let k be 16/3*(-363)/(-22). Calculate the greatest common factor of 11 and k.
11
Let y(r) = -r**3 - 3*r**2 + r + 4. Let x be y(-3). Let c be (2 - (-2)/x) + 7. Calculate the greatest common factor of 11 and c.
11
Let q be -15 + 16 - (-8 - 1). Calculate the greatest common factor of q and 90.
10
Suppose 4*h - 18 = 2*y + 38, -3*h = 4*y - 64. Suppose -10*w + 324 = -956. What is the greatest common factor of h and w?
16
Let w(b) = -b - 3. Let o be w(-7). Let h = o - 3. Let r(z) = 8*z**2 + z - 1. Let a be r(h). Calculate the highest common factor of a and 4.
4
Suppose 0 = -2*n + 57 - 17. Let t be n/(-6)*(-60)/25. Let z = t + -3. What is the highest common factor of z and 10?
5
Let t(f) = f**3 - 2*f**2 - 2*f + 4. Let p be t(3). Suppose -2*b - 120 = -p*b. Suppose 4*d + b = 60. Calculate the greatest common divisor of 18 and d.
9
Suppose -3*h + 52 = -5*b, 2*b - 35 = -4*h + 17. Calculate the greatest common factor of h and 70.
14
Let o(q) = 12*q**3 - 2*q + 1. Let g be o(1). What is the greatest common factor of g and 44?
11
Suppose 0 = 2*f + 2*f - 16. Suppose f*q - 67 + 3 = 0. Let p be q/(-6)*60/(-8). Calculate the greatest common divisor of 30 and p.
10
Suppose 16*o = 13*o + 162. What is the highest common factor of 6 and o?
6
Suppose -12 = -9*y + 123. What is the highest common factor of y and 120?
15
Suppose -57 + 1182 = 5*r. Let s(q) = -q**2 + q + 25. Let i be s(0). What is the highest common factor of r and i?
25
Let l = 4 + -11. Let x(h) = h**2 + 7*h + 2. Let k be x(l). Suppose 0 = -p - k*p + 60. What is the greatest common divisor of p and 50?
10
Suppose 0 = 2*t, 4*t + 61 = 3*k + 1. Calculate the greatest common divisor of 170 and k.
10
Let k = -21 - -27. What is the highest common divisor of 6 and k?
6
Let y = 7 + -8. Let p be (-45)/(-10) + y/(-2). Calculate the greatest common factor of 15 and p.
5
Let s be 180/7 + 8/28. What is the greatest common factor of 65 and s?
13
Let w(b) be the third derivative of -13*b**6/120 - b**4/24 - b**3/6 + 5*b**2. Let v be w(-1). What is the highest common divisor of 91 and v?
13
Suppose v + 6 = c, 2*v = -5*c + 46 + 5. Let b(r) = r**2 - 8*r + 9. Let n be b(c). Calculate the greatest common factor of 45 and n.
9
Let l(a) = 2*a - 8. Let b be l(6). Suppose n - 18 = b*s + 3, 0 = -5*n + 5*s + 105. Calculate the highest common divisor of n and 7.
7
Let d(v) = 2*v - 3. Let a be (2/3)/((-2)/(-15)). Let l be d(a). What is the highest common divisor of l and 56?
7
Let x(f) = f**3 + 7*f**2 + 7*f - 1. Let o be x(-5). What is the highest common factor of o and 2?
2
Let l be ((-63)/15)/(2/(-20)). Suppose 5*v = l - 2. Let g be (-1)/(-4) + (-3)/(-4). What is the greatest common divisor of g and v?
1
Let h = -18 - -29. Suppose -5*o = -3*f - 0*o - h, 0 = -o + 4. Calculate the highest common divisor of 12 and f.
3
Suppose 45 + 25 = 5*j. Let u be (-93)/(-7) + (-4)/j. Calculate the highest common divisor of u and 13.
13
Let q = 28 - 25. What is the greatest common factor of q and 18?
3
Suppose 6*r - 19 = 11. What is the highest common divisor of 1 and r?
1
Let j be 6/(-12) - 27/(-6). Suppose 4*a - a - 60 = 0. Calculate the highest common divisor of a and j.
4
Suppose x + 1 = 15. Let r = -210 - -110. Let c = 170 + r. What is the greatest common factor of c and x?
14
Let x = -52 - -76. What is the greatest common factor of 264 and x?
24
Suppose -4*s = -5*i - 185, 150 = 3*s + s + 2*i. Calculate the highest common divisor of s and 10.
10
Let a = -7 - -4. Let y be (0 - -1)/(a/(-78)). Calculate the highest common divisor of y and 13.
13
Let c = -8 + 5. Let i be (-5 - (c - 0))*4. Let p be (i + 0)/(8/(-36)). Calculate the highest common factor of p and 9.
9
Let w = 16 + -8. What is the highest common divisor of w and 2?
2
Let i = -88 - -149. Suppose -i - 39 = -2*l. Let x be (-5)/(l/4)*-30. What is the highest common divisor of x and 36?
12
Let z(w) = w**3 - 7*w**2 - 29*w - 6. Let k be z(10). Let l be (38/6 - 1)*3. Calculate the highest common divisor of k and l.
4
Suppose 4*f - 208 - 336 = 0. Calculate the greatest common factor of f and 17.
17
Let c(s) = 2*s**2 + s + 2. Suppose 0 = 5*h - h + 12. Let i be c(h). What is the greatest common divisor of 119 and i?
17
Let g(d) = -d**2 - 10*d + 8. Let a be g(-10). Let c be a/12*(-3)/(-2). Calculate the greatest common factor of c and 4.
1
Let c(n) = n**2 + 6*n - 5. Let j be c(9). Suppose h + 4*y = 72, -2*y = 3*h - j - 86. What is the greatest common divisor of h and 8?
8
Let z(g) = 2*g**3 - 4*g**2 + 3*g + 1. Let q be z(3). Let u = 94 + -87. Calculate the greatest common factor of u and q.
7
Suppose 3*v - 4*a - 5 = 40, a = v - 15. Calculate the greatest common factor of 45 and v.
15
Suppose 4*x - 180 = -2*x. Calculate the highest common divisor of x and 12.
6
Suppose -9*z = -8*z - 6. What is the greatest common factor of 9 and z?
3
Suppose 65 = 3*g + 2*g. Let a = g - 8. Suppose a*m - 2*m = 42. What is the greatest comm